aluate -2409 + 2363 - (-1 + 20).
-65
What is -89 - -52 - 49 - -140?
54
-58 + 11 - -13 - (-6 + -2)
-26
Calculate -4326 - -4290 - (19 - (-2 + -1)).
-58
-29 + 30 + -37 + 15 + 2 + 0
-19
(-9 - ((-11 - -24) + -16)) + (22 - 9)
7
What is 0 + 24 + -20 + 0 - -7?
11
Evaluate 61 + 0 + 0 + 49 + -38 + (-42 - -33).
63
-23 + 13 + (5 - -3) + -6 - -2 - 6
-12
What is the value of -118 - (4 + (-101 - -51))?
-72
What is the value of 2 + (-1 + (-4 - 59) - -1) - (68 - 71)?
-58
(-12 - -4) + (4 - (-10 - -9 - 9))
6
What is 11662 - 11597 - (1 + 67)?
-3
20 - 22 - 30 - (7 - 1 - -2)
-40
Calculate 13 - (7 + -21 - 18) - 6.
39
What is the value of -1 + 5 + -3 + (97 - 29) - (-5 + 14)?
60
Calculate (-14 - -63 - 228) + 129.
-50
119 + 120 + -176 - (-2 - (-2 - 9))
54
Calculate -50 + 74 + (-7 + -5 + 9 - -3).
24
Evaluate -2 - 30 - ((-215 - -215) + 0 + -1 - -2).
-33
What is (2 - -3) + (-16 - (-6 - 0) - -11)?
6
(37 + -71 - -108) + -95
-21
(-30 - -68) + -141 + 24 - -40
-39
Calculate 10 - ((55 - 90) + -4 + (-7 - (-6 + 5))).
55
What is the value of 2 + 1 - (12 + 12 + (11 - -6 - 10))?
-28
What is (23 - -2) + -8 + (-106 - (-73 + 36))?
-52
-16 + (24 - 6 - (4 - -9)) + 22
11
(1 - 7) + -23 - (12 + (-24 - -5) - 0)
-22
Evaluate (0 - -34) + 6 + (-688 - -676).
28
Evaluate (44 - (-3 + 30 + -14)) + -24.
7
-1 - (64 + 2 - (20 + -1 + (142 - 171)))
-77
What is 4 - (60 + -18) - (7 - 4)?
-41
Evaluate 9 + 3 + -4 - (-37 + 50) - 4 - 14.
-23
1 - (36 - (25 - -26))
16
Evaluate 80 + -90 + 70 + 10 + -14.
56
Calculate -83 + 33 + 24 - (-150 - 1).
125
What is -59 + (51 - 25 - 19) - -3?
-49
4 + -1 + 42 + 540 + -572
13
-11 - (-4 - 19) - (9 + -5 + (-11 - -97))
-78
7 + 2 - (124 + -10 + (18 - 23) + -18)
-82
-2 + -12 + 0 + (-10 - 23) + -27 + -31
-105
What is -7 + (-7 + 5 - 2) - (-57 - 11)?
57
Evaluate (-2 - (-1 - 7)) + 66 + -101.
-29
Calculate 33 + 9 + -27 + -8 - (-1 - -120 - 3).
-109
What is (-5 - (-84 + 31 + -34)) + 3 + -9?
76
24 - (18 + -131 + 11) - (-3 - (-18 + 2))
113
What is the value of (-21 + -16 + 31 - -9) + 8 - 90?
-79
Calculate -7 + 0 + -17 + (9 - 3).
-18
Calculate 0 - (-1 - -1) - 9 - (-40 + 0).
31
Evaluate 21 - 1 - (162 - 260 - -92).
26
Calculate -1 + -8 + (559 - 461) + -1 + 3 + -9.
82
What is -162 - -147 - (-5 + -2 - 5) - 33?
-36
Calculate (114 - 56 - 47) + (71 - -3) + -2 - -1.
84
What is the value of -19 + (2 - (0 + 2)) + 3 + 1128 + -1129?
-17
What is the value of (78 + -43 - (-1 - -25)) + -15?
-4
Calculate (-2 - (4 - 8 - -1)) + (262 - 291).
-28
Calculate -52 - (-2 + -20 - 12).
-18
What is -256 + 270 + (-4 + 5 - -5) + 50?
70
36 + -41 - (-4 - ((-6 - -7) + -43))
-43
46 + 0 + -315 + 263
-6
Calculate (-14 - 1) + -1 + (37 + 360 - 303).
78
Evaluate -209 - -203 - (-47 + -2 + (9 - 4)).
38
Calculate 94 - (19 - 3 - (-12 - -6 - -10)).
82
(1 - (-11 + (-4 - 5) + 10)) + -33
-22
Evaluate -10 - 2 - (-185 + (-69 - -144)).
98
Calculate (7 - (12 - -19)) + -24 + (2 - (0 + 9)).
-55
-14 + 2 + -26 + -24 + (5 - (-11 - -5))
-51
What is -47 - (-1 - (34 + (-26 - -14)))?
-24
What is (117 - 162) + -5 + -1 + 6 + -6?
-51
Evaluate (9 - 3) + -57 + -15 + (24 - 14).
-56
(-32 - ((5 - -16) + -28)) + 9
-16
What is the value of 34 + -74 + 15 - -31 - (2 - -77)?
-73
Evaluate -55 - -41 - (3 - 13 - 0) - -58.
54
Evaluate (2 - -15 - (196 + -190)) + 6 + -7.
10
(17 - -11) + -5 + 1 + -23 - (-3 + -2)
6
-29 - 1 - (92 + -32 - -3 - 59)
-34
What is ((-12 - 3) + 22 - -12) + 2?
21
What is the value of -29 + 2 - (241 + -20 - 265)?
17
(8 - 6) + (8 - (19 - 10))
1
Calculate -44 - (16 - 2 - 11 - (0 - -16)).
-31
What is -2 + 19 + 9 + (-6 + 11 - 2)?
29
What is 92 + (-102 - (-109 - -232))?
-133
-19 - -70 - (-1 - -5) - (-37 + 24)
60
-6 - 54 - -42 - (4 + -35) - (-2 + 27)
-12
What is the value of (-30 - -108 - 20) + -16?
42
Evaluate -7 + 0 + 1 + (943 - 922).
15
What is the value of -32 + 30 + (37 - 46) + (1 - 1)?
-11
Evaluate 30 - 33 - -36 - (10 + -19).
42
What is (3 + 51 - 1) + 23 + (-34 - -5)?
47
What is the value of -4725 - -4611 - (0 - 94)?
-20
14 + (-39 - -15) + 14
4
21 - ((-9 - -39) + 9)
-18
Evaluate 52 - 9 - (-36 + 27).
52
Evaluate 254 - (58 + -86 + 151).
131
Evaluate -477 - -480 - (-3 + (-3 - (-1 - 4))).
4
Calculate -4951 - -4974 - (3 + -2 + 1).
21
45 + -71 - (-13 - 28)
15
What is the value of -25 + 10 + (-79 - -25) - -39?
-30
What is the value of -26 - (-7 - -19 - (0 + 1))?
-37
Calculate 33 + (23 - 14) + 6 + -37.
11
What is the value of -6 + (-7 + 24 - 19) - (1 - 18) - -54?
63
Evaluate 44 + -83 + -29 - -12.
-56
2044 + -2039 + 2 + (1 - -31)
39
What is -42 + 56 + 14 + -124?
-96
Evaluate 50 + -18 - ((-18 - -19) + 10 + -2).
23
What is 42 - 0 - (-16 + 3) - 7?
48
Calculate (-25 - (44 + -71)) + 3 + -2 + (-81 - -5).
-73
What is -541 + 536 + (1 + 0 - 10)?
-14
Evaluate 5 + -4 + -10 + -44 + 42 + 3.
-8
26 - (16 + (15 - -9))
-14
Calculate 34 + -2 + (31 - (37 + 4)).
22
Evaluate (-1 - 114) + (17 + 11 + -27 - (-71 - -59)).
-102
Calculate 32 + (-45 - 21) - -159 - -21.
146
Evaluate -14 + -36 + 40 + -3.
-13
(3 - 1) + -33 - (232 + (8 - 221))
-50
Calculate 10 + -98 - (-58 + 31).
-61
What is (0 - -3 - 11) + 5 + (22 - -15)?
34
16 - ((18 - (55 + -18)) + 41)
-6
Calculate 87 - (-5 - (-11 - -18) - (55 - 88)).
66
What is the value of 1 - (22 + -15 - ((-23 - -5) + 10)) - -43?
29
Calculate 76 + -3 + (0 - -6 - (-10 - 0)).
89
12 + -3 + -4 + 3 + -4 + 1 + 5
10
Calculate 53 - (27 - (-48 + 63)).
41
Evaluate 12 - (16 + (20 - 26)) - (1 + 9) - 11.
-19
Evaluate -123 + (-59 - -126) + 54.
-2
-1560 + 1460 - (6 - 43)
-63
Calculate -2 + 17 - (399 - 374).
-10
What is (1526 - 1497) + 1 + 3 - 33?
0
Evaluate 40 + (-61 - (-102 + 6)).
75
(-10 - -38 - 18) + 6 + 30
46
Calculate 10 + (-34 - -5 - 4) - (9 + -3).
-29
What is 770 + -785 + (24 - 1) + 102?
110
What is -19 - (-17 - -25 - 22 - (-15 + 5 + 3))?
-12
What is (9 - (-17 + -9 + 51)) + (8 - 14)?
-22
Calculate (-6 + -1 - -15) + (-5 - 1) - (28 - -1).
-27
What is -90 + (88 - -22) + -137 + -2?
-119
What is -17 - (73 + -52 - 53)?
15
-4 + -44 + 58 + 1 + (0 - -3) + 31
45
Evaluate (159 + -116 - (-1 - -21)) + -11.
12
56 + -46 + -10 - (-30 - 0 - -4)
26
Calculate -5 + 119 - (4002 + -3872).
-16
Evaluate -19 + (-22 + 19 - -14 - 19).
-27
What is 2 + (-10 - 23 - -6 - -20)?
-5
Calculate 116 - (66 + -37) - (-7 - 19).
113
What is -61 + 26 + -11 + -2?
-48
What is -24 + (49 - 83) - -62?
4
What is the value of (92 - (15 + -10)) + -109 + 92?
70
Calculate 3 + (-42 - (21 + -32 + 20 + -3)).
-45
Evaluate -351 + 347 + (-2 - 47).
-53
(-9 - 9 - (-10 - (3 + -1))) + 26
20
Calculate -10 - (65 + -9) - -84.
18
Calculate -35 + 39 + -13 - -49.
40
What is -34 - (23 - (-22 + 56 + 10))?
-13
Evaluate 40 + (-6 - ((25 - 17) + -9)).
35
Calculate -37 + (15 - 1) + -5 - 10.
-38
What is -12 + 67 + (-22 - -7) + -7 + 18?
51
Calculate -22 + 52 + 24 + -5 + (19 - 0).
68
What is the value of 3 + (0 - 2) - ((-32 - 18 - -20) + 22)?
9
Calculate 17 + -27 + 2 + -70 + (7 - (-1 - -4)).
-74
What is the value of -5 + (0 - (-3 - -19) - (980 - 1058))?
57
What is -23 - 0 - (5345 - 5345)?
-23
What is -5 - (11 - 13) - (-6 + (-38 - -16))?
25
What is -29 - (-53 - (39 - 36))?
27
5 + 41 - (-76 + 31 + -35)
126
(-8 - -10) + -30 + (-3 - 1)
-32
Evaluate -18 + (-16 - (6 + -14) - -72).
46
Evaluate 31 - ((34 - (96 + -36)) + 8).
49
What is 0 + 38 - ((-101 - -214) + -102)?
27
What is -28 + (3 - (-26 + 12)) - -10?
-1
Evaluate -9 + 8 + ((-13 - -43) + -19 - 11) + -51.
-52
What is 6 - (-23 - 33 - -71) - (-1 - 62)?
54
What is the value of 3 - (-14 + -13 - (-20 - -3) - (-55 - 0))?
-42
Calculate 16 + -127 - (29 + -12).
-128
What is the value of -12 + 19 + 18 + -18 + -7?
0
What is the value of (-5 - 1) + (207 - 230)?
-29
17 - (-20 + 77 + -35) - (-2 + -1 + 74)
-76
Calculate -4207 + 4226 + (2 - 0) + -2.
19
What is the value of -14 + 14 + (-45 + -3 - -28)?
-20
Evaluate 3 + (-16 - -6) + (-7 + 13 - -15) + 1.
15
Evaluate (-5 + -4 + 8 - 58) + 4 - (4 - -1).
-60
Calculate -35 + -1 - -4 - (-52 + 63 + -20).
-23
Evaluate 3 - (15 + 2) - (101 + -127 + 15).
-3
What is 2 - 6 - -5 - (529 - 553)?
25
What is the value of -9 + (2 + 0 + -10 + 19 - -4)?
6
What is the value of -201 + -77 + 403 - (0 + 17 + 1)?
107
Evaluate (1 - 2) + -44 + (1199 - 1202).
-48
Evaluate -6349 - -6411 - (9 + 0 - 0).
53
Calculate -73 - (-13 - 118 - -156).
-98
What is 3 + (38 - -4) - (-10 + 22 + -18 + 3)?
48
51 + -10 + 7 + 273 + -262
59
What is -1 + -3 + 4 + -39 + 51 + (10 - -1)?
23
What is (19